- 2*c**2. Determine n(p).
-6
Let i(g) = -g**2 + 8*g + 2. Let l be i(5). Suppose -3 = -18*a + l*a. Suppose 5 = a*z + 2*q - 5, -2*z + 7 = q. Let x(r) = -2*r - 2. Determine x(z).
-10
Let f(o) = 10 + 13 - o - 18 - 2. Determine f(4).
-1
Suppose -v + 16 - 8 = l, 2*l = v + 4. Suppose -20 = 2*w + 2*w, 3*h + l*w = -41. Let a(g) = -5 + 0*g + 10 + g. What is a(h)?
-2
Let k(y) be the third derivative of y**6/120 + 3*y**5/20 + y**4/3 - 5*y**3/6 - 3*y**2 - 9. Let v be 9/(-12)*11 + (-3)/(-12). Determine k(v).
-5
Let f(d) = -d**2 - 2*d + 9. Let i be f(-3). Let m(b) be the third derivative of -b**5/12 + 5*b**4/4 + 4*b**3/3 - b**2 + 12*b. Determine m(i).
8
Suppose 1706*y + 259 = 1669*y. Let v(b) = 6*b**2 - 7*b. Let t(p) = 5*p**2 - 7*p + 1. Let s(j) = -7*t(j) + 6*v(j). Calculate s(y).
-7
Let v(q) be the first derivative of -1 + 4*q - 1/2*q**2. Determine v(-5).
9
Let c(f) = -3*f**3 + 3*f**2 - f + 1. Let d(b) = -5*b**3 - 3*b**2 + 7*b - 5. Let r(a) = -2*c(a) + d(a). Determine r(8).
1
Let s(r) be the second derivative of 0 + 75*r - 1/3*r**3 - r**2. Determine s(-3).
4
Let a(f) = -14 - f**2 - 9 - 3*f + 4. Let c(o) = -5*o**2 - 16*o - 96. Let d(s) = 11*a(s) - 2*c(s). Give d(0).
-17
Let o(k) be the first derivative of -k**3/3 + 37*k**2/2 - 42*k + 1746. Give o(36).
-6
Let l(y) = -y**3 - 9*y**2 - 6*y - 1. Let b(z) = 2*z**3 - 8*z**2 - 10*z + 3. Let k be b(5). Let m = -39 - -79. Suppose -k*a + 8*a = -m. What is l(a)?
-17
Let q(g) be the third derivative of -g**5/60 + 3*g**3 - 638*g**2. Calculate q(0).
18
Let b(s) = -s**2 + 5*s - 142. Let m(f) = 4*f**2 - 22*f + 586. Let d(l) = -9*b(l) - 2*m(l). Give d(0).
106
Let n = 526 - 508. Let l(j) = 16*j + 1 - n*j - 12*j. What is l(-1)?
15
Let u(o) = o**3 - 27*o**2 + 1. Let m be u(27). Let t(d) be the third derivative of -2*d**5/15 + d**4/6 - d**3/3 + 36*d**2. Determine t(m).
-6
Let k(u) be the first derivative of u**4/4 - 4*u**3/3 - u**2/2 + 3*u - 1. Let n = 215 + -207. Let z be 2/((-16)/6) + 30/n. What is k(z)?
-9
Let r(d) = 3*d - 7. Let u(v) = -4*v + 5. Let y be -8 + 7 + -9 + 7. Let a(b) = y*r(b) - 2*u(b). What is a(9)?
2
Let x(n) = -n**3 - 6*n**2 - 2*n + 7. Let h = 108 + -120. Let y(i) = -4*i - 53. Let m be y(h). What is x(m)?
-8
Suppose -m - 201 = 4*m + 2*w, -144 = 4*m - 4*w. Let z = m - -41. Let g(a) = a**z + 0 + 8*a + 0 - 7. Calculate g(-8).
-7
Suppose -1492*o = -1497*o - 15, -2*o - 14 = 2*g. Let n(l) = -5*l**2 + 6*l + 8. Calculate n(g).
-96
Let z(w) be the second derivative of w**4/24 - 17*w**3/6 - 139*w**2/2 - 122*w. Let i(b) be the first derivative of z(b). Give i(0).
-17
Let y be 5 + (-115)/(-35) - 2/7. Let i(h) = -25*h**2 + 9*h - 5. Let q(a) = -33*a**2 + 9*a - 3. Let s(p) = 4*i(p) - 3*q(p). Give s(y).
-3
Suppose -50*d + 98 = -129 - 323. Let r(m) = -m**3 + 9*m**2 + 28*m - 73. Calculate r(d).
-7
Let j(w) = w**3 + 6*w**2 + 4*w - 1. Suppose 2*b = -426 + 466. Let v(z) = z + 1. Let s be v(5). Suppose b = -s*q + q. Give j(q).
15
Let y(d) = 8*d - d**2 - 3 - d + 6*d - d - 5*d. Suppose -5*f = -31 - 9. Determine y(f).
-11
Let h(p) = -p**2 + 20*p - 11. Let i be h(15). Let s be (3/(-3))/(16/i). Let o(n) = 2*n**2 + 5*n - 4. Calculate o(s).
8
Let h(t) = t**3 + 7*t**2 + 10*t - 7. Suppose -30 = -95*c + 85*c. Let f(u) = u**2 + 2. Let l(z) = c*f(z) + h(z). Give l(-9).
-10
Suppose o + 2 = b, 2*o - 3 + 1 = 5*b. Let u be (-3)/(34/(-4) - o - -3). Let d be 14/u - (-4)/(-16)*0. Let t(j) = j - 2. Calculate t(d).
5
Let c(h) = -h**3 + 5*h**2 + 6*h + 2. Suppose 11*u = 10*u + 3. Suppose v = -3*k + 6, 2*v - 12 = -0*v - u*k. What is c(v)?
2
Suppose -39 + 226 = -17*f. Let b(q) = -q**2 - 14*q - 34. Let v be b(f). Let l(c) = -c**2 - c - 2. Give l(v).
-2
Let v = -348 + 451. Let f = v - 111. Let k(o) = -o**3 - 9*o**2 - 6*o + 6. Determine k(f).
-10
Let k(r) = -2*r**2 - 20*r + 11. Let l = -32099 - -32089. Determine k(l).
11
Let i(v) be the third derivative of -v**4/24 - 5*v**3/6 + 26*v**2. Let b = 48 - 30. Let k = b - 14. Give i(k).
-9
Let d(w) = 4*w - 11. Let f = -152 - -167. Let k be (0 + (-25)/f)*(7 - 10). Determine d(k).
9
Let g(w) = w**3 - 6*w**2 + 6*w. Let f be (1 + 36)/(-1 + 5 + -3). Suppose -f = 5*n + 88. Let u be 5*(55/n + 3). What is g(u)?
-8
Let p(x) = -38*x + 26. Let c(z) = -74*z + 58. Let o(y) = -4*c(y) + 9*p(y). Determine o(1).
-44
Let c(z) = 16*z + 9. Let f(x) = -160*x + 156. Let v be f(1). Determine c(v).
-55
Let s(d) = -11*d + 3. Suppose 30 - 69 = 6*m - 27. Calculate s(m).
25
Let i(h) be the first derivative of -h**4/4 - 5*h**3/3 + h**2 + 4*h - 2594. Let c = 2 - 0. Suppose -20 = 4*g + 2*a, c*g - 6*a = -2*a. What is i(g)?
-20
Let d be (-65)/15*((-108)/4)/(-9). Let r(s) = s**2 + 16*s + 2. Determine r(d).
-37
Suppose 3*j - 2*j - 9 = 0. Let k(o) = 530*o - o**3 - 87*o**2 - 519*o - 19 + 95*o**2. Determine k(j).
-1
Let q(m) be the second derivative of 0 + 7*m - 13/2*m**2 + m**3 - 1/24*m**4. Let c(f) be the first derivative of q(f). Give c(6).
0
Let c(s) = -8*s - 4*s + 6*s. Let j be c(0). Let w(i) = -i**2 + i - 13. Give w(j).
-13
Let w be 54/(5 + 1) - 1. Let l(c) = -w*c + 0*c - c. Determine l(-3).
27
Let l(f) = 5*f + 3. Let r(u) = -3*u - 29. Suppose -4*z + 3*z + 1 = 0, 3*n - 5*z - 142 = 0. Let q = 41 - n. Let k be r(q). Give l(k).
-22
Let s(w) be the second derivative of w**4/6 + 8*w**3/3 + 5*w**2 + 54*w - 3. Determine s(-7).
-4
Let j(c) be the first derivative of c**2/2 - 7*c + 324. Let f be (-12)/(-48) - 35/(-4). Let q = -2 + f. Calculate j(q).
0
Suppose 5*d = b + 17, -d = 3*b + 4*d - 29. Let r(m) = m**2 + 11*m + 12. Let f be r(-10). Let u(v) = 29 - f*v + v**2 - v - 12 - 19. Determine u(b).
-2
Let m(t) = t**2 + 5*t - 3. Suppose l = 2*j + 26, -2*j = -4*l + 3*j + 107. Suppose -l = q - 32. Let b(s) = -2*s + 2. Let f be b(q). What is m(f)?
3
Let k(f) = 7*f**3 - 3*f - 2. Suppose 0 = 2*a + 3*s - 1096, -457 = -a - 6*s + 73. Let j = 553 - a. Give k(j).
-6
Let f(z) be the first derivative of -2*z**3/3 + z**2 - 2*z + 2737. What is f(-1)?
-6
Let a(n) = n**2 - 32*n + 248. Let l(h) = h**3 + 22*h**2 + 8*h - 626. Let m be l(-20). What is a(m)?
-4
Let h = -2272 + 2291. Let u(k) = -k**3 + 19*k**2 - 2*k + 43. Determine u(h).
5
Suppose 15*s = s. Let l(d) = -d**2 + 10*d - 12. Let u be l(8). Suppose u*t - 8 = -s*t. Let b(g) = 2*g**2 - 4*g + 2. Determine b(t).
2
Let g(m) be the third derivative of -m**4/6 - 41*m**3/6 - 15*m**2. Let d be g(-12). Let b(u) = u**3 + 3 - 6 - 9*u**2 + 2*u + d*u. Give b(8).
5
Let c(h) = 49 - 1309071*h**2 + 1309069*h**2 + 8*h + 14*h. Determine c(-2).
-3
Let j(x) = 25*x + 1 + 66*x - 69*x. What is j(-1)?
-21
Let k(l) = 23*l**2 - 2*l - 47. Let o(x) = -24*x**2 + 2*x + 64. Let q(n) = -4*k(n) - 3*o(n). Determine q(1).
-22
Let y(o) = -4*o - 3. Let m be -14 - -131 - (-3)/(-3 + 2). Let v(d) = m*d - d**2 + 4*d**3 + 2*d**2 + 1 - 113*d. Let j be v(-1). What is y(j)?
9
Suppose 342*b = 346*b + 304. Let n = 73 + b. Let w(o) = o - 1. Give w(n).
-4
Let q(l) = -44*l - 147. Let v(x) = -142*x - 440. Let h(o) = 16*q(o) - 5*v(o). What is h(25)?
-2
Let d(p) = -5*p**2 - 30*p - 5. Suppose 33 = 102*l - 99*l. Let h(y) = -y**2 - 6*y - 1. Let m(g) = l*h(g) - 2*d(g). Determine m(-4).
7
Let u = 200 + -198. Suppose -1 - 7 = -4*i. Let d(n) = -4*n**i + 1 - 2*n**u + 7*n**2 - n. Give d(0).
1
Let y(n) = n**2 - 5*n - 2. Let f be y(6). Let l(o) be the third derivative of 7*o**2 + 7/24*o**4 + 1/120*o**6 - 1/12*o**5 - 2/3*o**3 + 0 + 0*o. What is l(f)?
8
Let j = -28 - -35. Suppose -3*c - j = 2*i, -2*i = -0*c - 4*c. Let p(r) = r**2 + r. Let h(q) = 4*q**2 + 9*q + 5. Let t(m) = c*h(m) + 3*p(m). Calculate t(-6).
-5
Suppose -3*g + m + 5 = 4, 5*g = 3*m - 5. Let p(o) = -11 - 2*o + 5*o - g*o + 0. Calculate p(0).
-11
Let o(j) = -j**2 - 4*j + 1. Let q(m) be the second derivative of m**4/12 - 3*m**2/2 + 11*m. Let w be q(3). Suppose 3*i = 6*i + w. Determine o(i).
5
Let k(b) = 25100*b + 3*b**2 - 25016*b - 139 + 69. Give k(-29).
17
Let w(q) = -q**3 + 6*q**2 + q - 3. Let i(v) = -11*v + 5. Let k be i(-5). Suppose -6*t + k = -11*t. Let d be 35/10*t/(-7). Determine w(d).
3
Let i(g) = -1 - 3*g + 3*g - g**2. Suppose 2*z = -3*j - 382 + 366, -5*j + z - 5 = 0. What is i(j)?
-5
Suppose 4*v - 1 = -3*y, v - 1 = -y - 0*v. Let g be (0 - (-4 + y))*-1. Let o be (4*6/(-72))/(g/(-3)). Let f(r) = 11*r. What is f(o)?
-11
Let g = 57 - 59. Let d be (-4)/(-2) - (2/g)/1. Let v(y) = -205*y**2 + 204*y**2 + d*y - 2*y. What i